{"id":10696,"date":"2020-07-31T11:05:57","date_gmt":"2020-07-31T11:05:57","guid":{"rendered":"https:\/\/ferreteriaplaza.com\/?page_id=10696"},"modified":"2020-07-31T11:11:44","modified_gmt":"2020-07-31T11:11:44","slug":"politica-de-privacidad","status":"publish","type":"page","link":"https:\/\/ferreteriaplaza.com\/index.php\/politica-de-privacidad\/","title":{"rendered":"Pol\u00edtica de privacidad"},"content":{"rendered":"\n<p>En el presente documento reflejamos fielmente, nuestra nueva pol\u00edtica de privacidad en cuanto al tratamiento de datos personales, el uso que hacemos de ellos, las diferentes v\u00edas de recopilaci\u00f3n, la base legitimadora del tratamiento, la comunicaci\u00f3n de datos, y todas aquellas &nbsp;acciones &nbsp;que tengan &nbsp;como objeto &nbsp;el &nbsp;tratamiento de datos &nbsp;de&nbsp; car\u00e1cter&nbsp; personal.<\/p>\n\n\n\n<h2>Qui\u00e9nes somos<\/h2>\n\n\n\n<p>Ferreter\u00eda Plaza, S.L. centra su actividad en la comercializaci\u00f3n de productos, cuya actividad principal est\u00e1 dirigida a particulares, empresas y profesionales, y se centra en la venta de productos de Ferreter\u00eda, Fontaner\u00eda, Climatizaci\u00f3n, Peque\u00f1o Electrodom\u00e9stico, Material El\u00e9ctrico, diferentes Herramientas Manuales y productos similares.<\/p>\n\n\n\n<p>La seguridad y privacidad de la informaci\u00f3n, de nuestros clientes y de los visitantes de nuestra web, son de la mayor importancia, y por ello nos comprometemos a proteger los datos que comparte con nosotros.<\/p>\n\n\n\n<p>Esta pol\u00edtica de privacidad, explica c\u00f3mo procesamos la informaci\u00f3n, que se puede utilizar directa o indirectamente, para identificar los datos personales individuales recopilados.<\/p>\n\n\n\n<h2>Qu\u00e9 datos personales recogemos y por qu\u00e9 los recogemos<\/h2>\n\n\n\n<h3>Canales de recopilaci\u00f3n de datos<\/h3>\n\n\n\n<p>Existen diferentes v\u00edas por las cuales nos puede brindar la informaci\u00f3n. A trav\u00e9s del uso de nuestros sitios web, de nuestras encuestas de satisfacci\u00f3n, de los presupuestos y\/o contratos, de las campa\u00f1as de marketing, o de similares acciones comerciales, como puede ser encargos para la obtenci\u00f3n de productos.<\/p>\n\n\n\n<h3>Datos personales<\/h3>\n\n\n\n<h4>PROP\u00d3SITO DEL PROCESAMIENTO DE DATOS PERSONALES<\/h4>\n\n\n\n<p>Utilizamos los datos recopilados para comunicarnos con los clientes, y para mejorar la web corporativa al analizar c\u00f3mo los visitantes navegan en la misma.<\/p>\n\n\n\n<p>Al enviar una consulta a trav\u00e9s de los formularios de nuestro sitio web, los visitantes pueden proporcionar informaci\u00f3n como nombre, nombre de la empresa, correo electr\u00f3nico, direcci\u00f3n, tel\u00e9fono y otros datos relevantes.<\/p>\n\n\n\n<p>Utilizamos esa informaci\u00f3n para identificar al Cliente y proporcionarle la informaci\u00f3n y los servicios solicitados, y para cumplir con las obligaciones contractuales.<\/p>\n\n\n\n<p>Al registrarse mediante nuestra ficha de cliente, con la finalidad de recibir m\u00e1s informaci\u00f3n sobre nuestros productos o servicios, el cliente puede proporcionar informaci\u00f3n como nombre, nombre de la empresa en la que trabaja o es propietario, el correo electr\u00f3nico, direcci\u00f3n, tel\u00e9fono, inter\u00e9s de producto y otros datos relevantes.<\/p>\n\n\n\n<p>Utilizamos esta informaci\u00f3n para identificar al Cliente y proporcionarle la informaci\u00f3n y los servicios solicitados, y cumplir con las obligaciones contractuales, as\u00ed como contactar al cliente con correos informativos y acciones de ventas y marketing.<\/p>\n\n\n\n<h4>COMPARTIR DATOS PERSONALES<\/h4>\n\n\n\n<p>Cualquier informaci\u00f3n o datos que puedan identificarlo directa o indirectamente, no los cedemos ni compartimos con terceros. Ya sean proveedores de servicios, empresas subcontratadas, distribuidores, revendedores o similares. La informaci\u00f3n que usted nos aporta \u00fanicamente es tratada por nuestra empresa y su personal. Los datos son suyos y los comparte con nosotros para la finalidad de aportarle un mejor servicio.<\/p>\n\n\n\n<h3>Cookies<\/h3>\n\n\n\n<p>Adem\u00e1s de los datos mencionados anteriormente, las cookies se almacenan en su equipo cuando navega en nuestro sitio web. Esos peque\u00f1os archivos de texto se almacenan en su disco duro y se asignan al navegador que est\u00e1 utilizando para visualizar nuestra web. Estas cookies no pueden ejecutar programas o transmitir virus, sirven para hacer que Internet sea m\u00e1s f\u00e1cil de usar y efectivo.<\/p>\n\n\n\n<p>www.ferreteriaplaza.com utiliza los siguientes tipos de cookies, cuyo alcance y funcionamiento se explican a continuaci\u00f3n:<\/p>\n\n\n\n<p>&#8211; Cookies transitorias, se eliminan autom\u00e1ticamente cuando cierra su navegador. Estos incluyen las cookies de sesi\u00f3n, en particular. Las cookies de sesi\u00f3n guardan una llamada ID de sesi\u00f3n con la que se pueden asignar las diferentes consultas de su navegador a una sesi\u00f3n. En consecuencia, su equipo puede reconocer si regresa a nuestro sitio web. Las cookies de sesi\u00f3n se eliminan si cierra sesi\u00f3n o cierra su navegador.<\/p>\n\n\n\n<p>&#8211; Cookies persistentes, se eliminan autom\u00e1ticamente despu\u00e9s de un per\u00edodo de tiempo espec\u00edfico variable. Puede eliminar las cookies en la configuraci\u00f3n de seguridad de su navegador en cualquier momento. Puede configurar la configuraci\u00f3n de su navegador seg\u00fan sus deseos y, por ejemplo, rechazar la aceptaci\u00f3n de cookies de terceros o de todas las cookies.<\/p>\n\n\n\n<p>Usamos cookies para identificarlo en futuras visitas. Puede evitar el uso de objetos de almacenamiento configurando el modo privado de su navegador, adem\u00e1s, le recomendamos que elimine peri\u00f3dicamente sus cookies y el historial del navegador.<\/p>\n\n\n\n<h3>Contenido incrustado de otros sitios web<\/h3>\n\n\n\n<p>Al visitar nuestro sitio, no es posible que los visitantes puedan seguir enlaces a otros sitios que est\u00e1n fuera de nuestro control, ni tan siquiera links a p\u00e1ginas web seguras de nuestros socios tecnol\u00f3gicos. Si en el futuro realizamos cambios en nuestra web que permitan el acceso a enlaces externos, actualizaremos nuestra Pol\u00edtica de Privacidad para informarles de que no somos responsables del contenido o la pol\u00edtica de privacidad de estos otros sitios, adem\u00e1s peri\u00f3dicamente, realizar\u00edamos un chequeo de esos enlaces, para verificar que a\u00fan est\u00e1n activos y funcionan correctamente.<\/p>\n\n\n\n<h3>Anal\u00edtica<\/h3>\n\n\n\n<h2>Con qui\u00e9n compartimos tus datos<\/h2>\n\n\n\n<p>Revelaremos la informaci\u00f3n personal de un cliente sin su autorizaci\u00f3n previa, solo cuando tengamos motivos para creer que la divulgaci\u00f3n de esta informaci\u00f3n es necesaria para establecer la identidad de, contactar o iniciar un proceso legal contra una persona o personas sospechosas de la violaci\u00f3n de los derechos o propiedad intelectual, ya sea nuestra o de otros, que podr\u00edan verse perjudicados por las actividades del usuario o de personas que podr\u00edan (deliberadamente o no) transgredir estos derechos y propiedades.<\/p>\n\n\n\n<p>De la misma forma revelaremos la informaci\u00f3n personal cuando las autoridades nos lo soliciten.<\/p>\n\n\n\n<h2>Cu\u00e1nto tiempo conservamos tus datos<\/h2>\n\n\n\n<p>Toda la informaci\u00f3n personal recopilada por nosotros a trav\u00e9s de los formularios de consulta en el sitio web, se almacenar\u00e1 en nuestros equipos bajo un almacenamiento seguro conforme a nuestra pol\u00edtica de seguridad, al igual que si acord\u00f3 agregarse a nuestra base de datos para recibir m\u00e1s informaci\u00f3n sobre productos y marketing.<\/p>\n\n\n\n<p>Los datos aportados no ser\u00e1n retenidos m\u00e1s de lo necesario para cumplir con los fines para los que fue recopilado o seg\u00fan lo exijan las leyes o regulaciones aplicables. Tras un periodo de inactividad procedemos a su eliminaci\u00f3n, que normalmente es de 3 a\u00f1os, es posible que retengamos algunos datos personales para cumplir con nuestras obligaciones legales, reglamentarias o con fines estad\u00edsticos de hist\u00f3ricos.<\/p>\n\n\n\n<p>Bajo el RGPD, tiene derecho a:<\/p>\n\n\n\n<p>-Solicitar una copia de cualquier informaci\u00f3n que tengamos actualmente sobre usted. La cual le ser\u00e1 aportada, en un formato que pueda utilizarla, como puede ser el block de notas que incorpora Windows en todas sus versiones, o en formato de hoja de c\u00e1lculo, o en otro formato que nos solicite.<\/p>\n\n\n\n<p>-Solicitar la rectificaci\u00f3n o eliminaci\u00f3n de su informaci\u00f3n de nuestra base de datos. Nuestro deseo es tener siempre la informaci\u00f3n actualizada para mantener el contacto.<\/p>\n\n\n\n<p>-Cancelar su suscripci\u00f3n a la lista de correo a la que se haya registrado anteriormente.<\/p>\n\n\n\n<p>-Solicitar una restricci\u00f3n del procesamiento de sus datos personales.<\/p>\n\n\n\n<p>-Oponerse al procesamiento y el derecho a la portabilidad de datos.<\/p>\n\n\n\n<p>Tambi\u00e9n tiene derecho a quejarse ante una autoridad supervisora \u200b\u200bde protecci\u00f3n de datos sobre el procesamiento de sus datos personales a trav\u00e9s de nosotros.<\/p>\n\n\n\n<p>Al final de este documento de Pol\u00edticas de Privacidad, se le indican las v\u00edas de comunicaci\u00f3n.<\/p>\n\n\n\n<h2>Qu\u00e9 derechos tienes sobre tus datos<\/h2>\n\n\n\n<p>Para que usted mismo controle sus datos de car\u00e1cter personal, le informamos de cu\u00e1les son sus derechos:<\/p>\n\n\n\n<p>Derecho de informaci\u00f3n.<\/p>\n\n\n\n<p>Tiene derecho a obtener informaci\u00f3n clara, transparente y f\u00e1cil de entender sobre la forma en que usamos sus datos personales y sobre sus derechos. Le facilitamos dicha informaci\u00f3n en esta Pol\u00edtica.<\/p>\n\n\n\n<p>Derecho de acceso.<\/p>\n\n\n\n<p>Tiene derecho a acceder a los datos personales que usted nos proporcion\u00f3 sin coste alguno.<br>Las solicitudes manifiestamente infundadas, excesivas o repetitivas podr\u00e1n no ser atendidas.<br>Para ejercer este derecho, dir\u00edjase al \u00faltimo punto denominado \u201cm\u00e1s informaci\u00f3n\u201d.<\/p>\n\n\n\n<p>Derecho de rectificaci\u00f3n.<\/p>\n\n\n\n<p>Tiene derecho a hacer que se rectifiquen sus datos personales cuando sean inexactos, hayan dejado de ser v\u00e1lidos, o a hacer que se completen totalmente cuando sean incompletos.<br>Para ejercer este derecho, dir\u00edjase al \u00faltimo punto \u201cm\u00e1s informaci\u00f3n\u201d.<\/p>\n\n\n\n<p>Derecho de supresi\u00f3n\/olvido.<\/p>\n\n\n\n<p>En determinados casos, le corresponde el derecho a hacer que sus datos personales sean borrados o eliminados. Es preciso se\u00f1alar que no se trata de un derecho absoluto, puesto que podremos tener motivos legales o leg\u00edtimos para conservarlos. Si desea que suprimamos sus datos personales, dir\u00edjase al \u00faltimo punto \u201cm\u00e1s informaci\u00f3n\u201d.<\/p>\n\n\n\n<p>Derecho de oposici\u00f3n al marketing directo.<\/p>\n\n\n\n<p>Puede darse de baja de nuestras comunicaciones de marketing directo (correos electr\u00f3nicos) en cualquier momento, la forma m\u00e1s f\u00e1cil es responder a cualquier correo electr\u00f3nico o comunicaci\u00f3n que le enviemos indicando que quiere darse de baja. Si no, p\u00f3ngase en contacto con nosotros por cualquiera de los medios indicados en el \u00faltimo punto \u201cm\u00e1s informaci\u00f3n\u201d.<\/p>\n\n\n\n<p>De retirar el consentimiento.<\/p>\n\n\n\n<p>Puede retirar su consentimiento al tratamiento de sus datos personales cuando el tratamiento est\u00e9 basado en su consentimiento. Si desea retirar su consentimiento, dir\u00edjase al \u00faltimo punto \u201cm\u00e1s informaci\u00f3n\u201d.<\/p>\n\n\n\n<p>Derecho de reclamar.<\/p>\n\n\n\n<p>Tiene derecho a reclamar ante la Agencia Espa\u00f1ola de Protecci\u00f3n de Datos las pr\u00e1cticas de privacidad y protecci\u00f3n de datos que realizamos. No dude en ponerse en contacto con nosotros por cualquiera de los medios indicados en el \u00faltimo punto \u201cm\u00e1s informaci\u00f3n\u201d, antes de presentar una reclamaci\u00f3n ante la autoridad competente en materia de protecci\u00f3n de datos.<\/p>\n\n\n\n<p>De limitaci\u00f3n del tratamiento.<\/p>\n\n\n\n<p>Tiene derecho a solicitar la limitaci\u00f3n del tratamiento de sus datos. Si ejerce este derecho, el tratamiento de sus datos estar\u00e1 sujeto a limitaciones, por lo que podremos almacenarlos, pero no podremos seguir us\u00e1ndolos ni trat\u00e1ndolos. Este derecho solo puede ejercerse en determinadas circunstancias definidas por el Reglamento General de Protecci\u00f3n de Datos, como sigue:<\/p>\n\n\n\n<p>-Que el interesado impugne la exactitud de los datos personales, durante el plazo que permita al responsable verificar la exactitud de los mismos;<\/p>\n\n\n\n<p>-Que el tratamiento sea il\u00edcito y el interesado se oponga a la supresi\u00f3n de los datos personales y solicite en su lugar la limitaci\u00f3n de su uso;<\/p>\n\n\n\n<p>-Que el responsable ya no necesite los datos personales para los fines del tratamiento, pero el interesado los necesite para la formulaci\u00f3n, el ejercicio o la defensa de reclamaciones;<\/p>\n\n\n\n<p>-Que el interesado se haya opuesto al tratamiento en virtud del art\u00edculo 21, apartado 1, mientras se verifica si los motivos leg\u00edtimos del responsable prevalecen sobre los del interesado.<\/p>\n\n\n\n<p>No dude en ponerse en contacto con nosotros, por cualquiera de los medios indicados en el \u00faltimo punto \u201cm\u00e1s informaci\u00f3n\u201d.<\/p>\n\n\n\n<p>Derecho a la portabilidad de los datos.<\/p>\n\n\n\n<p>Tiene derecho a trasladar, copiar o transferir datos desde nuestra base de datos a otra distinta. Solo es posible ejercer este derecho con respecto a datos que haya facilitado, cuando el tratamiento est\u00e9 basado en la ejecuci\u00f3n de un contrato, o en su consentimiento y el tratamiento se realice por medios automatizados. Las bases legales para tratar sus datos personales son: el consentimiento, el establecer una relaci\u00f3n contractual, el inter\u00e9s leg\u00edtimo, el cumplimiento del RGPD (obligaci\u00f3n legal). Si desea ejercitar este derecho, dir\u00edjase al \u00faltimo punto \u201cm\u00e1s informaci\u00f3n\u201d.<\/p>\n\n\n\n<p>De desactivaci\u00f3n de cookies.<\/p>\n\n\n\n<p>La configuraci\u00f3n de los navegadores de Internet suele estar programada por defecto para aceptar Cookies, pero pueden desactivarse f\u00e1cilmente cambiando la configuraci\u00f3n del navegador. Para limitar o bloquear todas las cookies establecidas por nuestra web (lo que podr\u00eda impedirle usarla) puede hacerlo a trav\u00e9s de la configuraci\u00f3n de su navegador.<\/p>\n\n\n\n<p>Los comentarios de los visitantes puede que los revise un servicio de detecci\u00f3n autom\u00e1tica de spam.<\/p>\n\n\n\n<h2>Nuestro compromiso<\/h2>\n\n\n\n<p>Respetamos su privacidad y nos preocupamos de que la seguridad este incorporada en todo lo que hacemos, solo tratamos sus datos para ofrecerle un mejor servicio. Nunca realizamos acciones que no haya aprobado o consentido, y si cambia de opini\u00f3n solo debe indic\u00e1rnoslo, que a la mayor brevedad procederemos.<\/p>\n\n\n\n<p>No vendemos sus datos y cuando los comparte con nosotros est\u00e1n seguros y protegidos.<\/p>\n\n\n\n<h2>Informaci\u00f3n adicional<\/h2>\n\n\n\n<p>Si tiene m\u00e1s preguntas con respecto a nuestra pol\u00edtica de privacidad, o desea recibir m\u00e1s informaci\u00f3n, no dude en ponerse en contacto:<\/p>\n\n\n\n<p>-Enviando sus datos de contacto a nuestra direcci\u00f3n postal en r\u00faa dos Pescadores n\u00ba10 Bajo, C.P. 36208 \u2013 Vigo \u2013 Pontevedra.<\/p>\n\n\n\n<p>-Mediante el correo electr\u00f3nico&nbsp;<a href=\"mailto:plaza@fer-plaza.com\">info@fereteriaplaza.com<\/a><\/p>\n\n\n\n<p>La \u00faltima actualizaci\u00f3n de nuestra Pol\u00edtica de Privacidad ha sido en marzo del a\u00f1o 2019<\/p>\n","protected":false},"excerpt":{"rendered":"<p>En el presente documento reflejamos fielmente, nuestra nueva pol\u00edtica de privacidad en cuanto al tratamiento de datos personales, el uso que hacemos de ellos, las diferentes v\u00edas de recopilaci\u00f3n, la base legitimadora del tratamiento, la comunicaci\u00f3n de datos, y todas aquellas &nbsp;acciones &nbsp;que tengan &nbsp;como objeto &nbsp;el &nbsp;tratamiento de datos &nbsp;de&nbsp; car\u00e1cter&nbsp; personal. Qui\u00e9nes somos [&hellip;]<\/p>\n","protected":false},"author":1,"featured_media":0,"parent":0,"menu_order":0,"comment_status":"closed","ping_status":"closed","template":"","meta":[],"yoast_head":"<!-- This site is optimized with the Yoast SEO plugin v15.3 - https:\/\/yoast.com\/wordpress\/plugins\/seo\/ -->\n<title>Pol\u00edtica de privacidad | Ferreteria Plaza<\/title>\n<meta name=\"robots\" content=\"index, follow, max-snippet:-1, max-image-preview:large, max-video-preview:-1\" \/>\n<link rel=\"canonical\" href=\"https:\/\/ferreteriaplaza.com\/index.php\/politica-de-privacidad\/\" \/>\n<meta property=\"og:locale\" content=\"es_ES\" \/>\n<meta property=\"og:type\" content=\"article\" \/>\n<meta property=\"og:title\" content=\"Pol\u00edtica de privacidad | Ferreteria Plaza\" \/>\n<meta property=\"og:description\" content=\"En el presente documento reflejamos fielmente, nuestra nueva pol\u00edtica de privacidad en cuanto al tratamiento de datos personales, el uso que hacemos de ellos, las diferentes v\u00edas de recopilaci\u00f3n, la base legitimadora del tratamiento, la comunicaci\u00f3n de datos, y todas aquellas &nbsp;acciones &nbsp;que tengan &nbsp;como objeto &nbsp;el &nbsp;tratamiento de datos &nbsp;de&nbsp; car\u00e1cter&nbsp; personal. Qui\u00e9nes somos [&hellip;]\" \/>\n<meta property=\"og:url\" content=\"https:\/\/ferreteriaplaza.com\/index.php\/politica-de-privacidad\/\" \/>\n<meta property=\"og:site_name\" content=\"Ferreteria Plaza\" \/>\n<meta property=\"article:modified_time\" content=\"2020-07-31T11:11:44+00:00\" \/>\n<meta name=\"twitter:card\" content=\"summary_large_image\" \/>\n<meta name=\"twitter:label1\" content=\"Escrito por\">\n\t<meta name=\"twitter:data1\" content=\"admin\">\n\t<meta name=\"twitter:label2\" content=\"Tiempo de lectura\">\n\t<meta name=\"twitter:data2\" content=\"9 minutos\">\n<script type=\"application\/ld+json\" class=\"yoast-schema-graph\">{\"@context\":\"https:\/\/schema.org\",\"@graph\":[{\"@type\":\"Organization\",\"@id\":\"https:\/\/ferreteriaplaza.com\/#organization\",\"name\":\"FERRETERIA PLAZA, S.L\",\"url\":\"https:\/\/ferreteriaplaza.com\/\",\"sameAs\":[],\"logo\":{\"@type\":\"ImageObject\",\"@id\":\"https:\/\/ferreteriaplaza.com\/#logo\",\"inLanguage\":\"es\",\"url\":\"https:\/\/ferreteriaplaza.com\/wp-content\/uploads\/2020\/06\/Logo-correcto1.jpg\",\"width\":1000,\"height\":600,\"caption\":\"FERRETERIA PLAZA, S.L\"},\"image\":{\"@id\":\"https:\/\/ferreteriaplaza.com\/#logo\"}},{\"@type\":\"WebSite\",\"@id\":\"https:\/\/ferreteriaplaza.com\/#website\",\"url\":\"https:\/\/ferreteriaplaza.com\/\",\"name\":\"Ferreteria Plaza\",\"description\":\"Tienda Online\",\"publisher\":{\"@id\":\"https:\/\/ferreteriaplaza.com\/#organization\"},\"potentialAction\":[{\"@type\":\"SearchAction\",\"target\":\"https:\/\/ferreteriaplaza.com\/?s={search_term_string}\",\"query-input\":\"required name=search_term_string\"}],\"inLanguage\":\"es\"},{\"@type\":\"WebPage\",\"@id\":\"https:\/\/ferreteriaplaza.com\/index.php\/politica-de-privacidad\/#webpage\",\"url\":\"https:\/\/ferreteriaplaza.com\/index.php\/politica-de-privacidad\/\",\"name\":\"Pol\\u00edtica de privacidad | Ferreteria Plaza\",\"isPartOf\":{\"@id\":\"https:\/\/ferreteriaplaza.com\/#website\"},\"datePublished\":\"2020-07-31T11:05:57+00:00\",\"dateModified\":\"2020-07-31T11:11:44+00:00\",\"inLanguage\":\"es\",\"potentialAction\":[{\"@type\":\"ReadAction\",\"target\":[\"https:\/\/ferreteriaplaza.com\/index.php\/politica-de-privacidad\/\"]}]}]}<\/script>\n<!-- \/ Yoast SEO plugin. -->","_links":{"self":[{"href":"https:\/\/ferreteriaplaza.com\/index.php\/wp-json\/wp\/v2\/pages\/10696"}],"collection":[{"href":"https:\/\/ferreteriaplaza.com\/index.php\/wp-json\/wp\/v2\/pages"}],"about":[{"href":"https:\/\/ferreteriaplaza.com\/index.php\/wp-json\/wp\/v2\/types\/page"}],"author":[{"embeddable":true,"href":"https:\/\/ferreteriaplaza.com\/index.php\/wp-json\/wp\/v2\/users\/1"}],"replies":[{"embeddable":true,"href":"https:\/\/ferreteriaplaza.com\/index.php\/wp-json\/wp\/v2\/comments?post=10696"}],"version-history":[{"count":3,"href":"https:\/\/ferreteriaplaza.com\/index.php\/wp-json\/wp\/v2\/pages\/10696\/revisions"}],"predecessor-version":[{"id":10699,"href":"https:\/\/ferreteriaplaza.com\/index.php\/wp-json\/wp\/v2\/pages\/10696\/revisions\/10699"}],"wp:attachment":[{"href":"https:\/\/ferreteriaplaza.com\/index.php\/wp-json\/wp\/v2\/media?parent=10696"}],"curies":[{"name":"wp","href":"https:\/\/api.w.org\/{rel}","templated":true}]}}